termine m(-7).
-21
Suppose -p - 8*p = 81. Let u = p + 1. Let o be (-8)/32 + (-34)/u. Let n(l) = -l**3 + 5*l**2 - 5*l. Determine n(o).
-4
Let a(y) = 9*y**2 + 37*y + 11. Let b(z) = -5*z**2 - 23*z - 5. Let c(n) = 3*a(n) + 5*b(n). Calculate c(3).
14
Let t(w) = w**2 - 3*w - 4. Let z(k) = k**2 + k - 1. Let n(d) = t(d) - 2*z(d). Suppose -2959 = 649*p - 1012. Give n(p).
4
Let g(f) = -19*f**3 - 149*f**2 + 47*f - 425. Let d(b) = -3*b**3 - 24*b**2 + 8*b - 71. Let m(k) = 13*d(k) - 2*g(k). Determine m(-15).
2
Let i(g) be the third derivative of -g**4/4 - 10*g**3 - g**2 - 304. Determine i(-9).
-6
Let o(v) = -2*v - 11. Let t be o(-7). Suppose -2*n - 21 = -t*z + n, -z + 2*n = -11. Suppose -3 + 15 = z*a. Let u(y) = -y**3 + 5*y**2 - 3*y - 2. Calculate u(a).
2
Let t(w) = -w**3 + 2*w**2 - 1. Suppose -796*h - 10 = -801*h. Let p be (-48)/660*-30 - h/11. Determine t(p).
-1
Let g(t) = 7*t**2 + 11*t + 4. Let l(r) = -r**2 - r - 1. Let f(d) = -g(d) - 6*l(d). Suppose -12*b + 17*b + 2*c = -28, -13 = 3*b + 5*c. What is f(b)?
-4
Let f(h) = 19*h - 3. Let i(x) = -22*x + 3. Let j(o) = -6*f(o) - 5*i(o). Let z(r) = -r**2 - 6*r + 11. Let g be z(-7). Determine j(g).
-13
Let c(o) = 2*o - 9. Let s be (-51)/(-12) + (-1)/4. Suppose 4*a = 20, -5*u + 39 = 2*a + 9. Suppose s = v + 5*f + 3, 5*v + u*f - 26 = 0. Give c(v).
3
Suppose -f - 10 + 12 = 0. Let d(c) be the second derivative of c**4/2 - 2*c**3/3 + 3*c**2/2 - c - 3. Determine d(f).
19
Let u(r) be the second derivative of r**3 - 31*r**2/2 - 7*r - 130. Give u(4).
-7
Let v(t) = -t**2 + t + 3. Let y be 10/(-2)*(48 + -49). Suppose -x = -y*d - 24, -3*d + 5*x = -12 + 44. Give v(d).
-17
Let b(j) be the second derivative of -4 - 19*j - 1/6*j**4 + 5/3*j**3 + 0*j**2. What is b(7)?
-28
Let i(w) = 6373*w + w**2 + 6391*w - 12784*w - 12 - 1. Calculate i(20).
-13
Suppose 15 = 2*q - j + 4, 0 = 5*q + 5*j + 10. Let x(a) = -3*a + 9 - q*a + 5*a. Suppose 42 = 6*t - 0*t. Give x(t).
2
Let o = 1 + 20. Suppose o*g + 87 = 3. Let m(x) = x**3 + 6*x**2 + 2*x - 4. What is m(g)?
20
Let m(g) = g + 13. Suppose -5*c + 9 = 2*b, -5*b - 2*c = -6*c - 6. Suppose 3*q - k = -19, -b*q - 2*k - k = 31. Calculate m(q).
5
Let o(x) = -x**2 - 19*x - 61. Let f be o(-14). Let d be (14 - (f + -5))*(-3)/6. Let v(a) = -2*a**2 - 8*a - 3. Determine v(d).
-13
Suppose -4*q + 2*l + 34 = 8, -4*q + 3*l = -23. Let z(w) = q*w + w + w - 6*w + 3. What is z(-3)?
-9
Let x(t) = t + 4. Let i be x(-6). Let u = i + 2. Let s(m) = m**2 + 1. Let n(h) = h**3 + 2*h**2. Let p(l) = n(l) - 2*s(l). Calculate p(u).
-2
Suppose -7*v = -12*v - 2*b + 271, -9 = -3*b. Suppose 20*z + 67 = -v. Let l(j) = -3*j - 22. Let y(n) = -n - 7. Let h(k) = -2*l(k) + 7*y(k). Determine h(z).
1
Let u(d) be the third derivative of -d**4/6 + 11*d**3/6 + 1360*d**2. Determine u(-2).
19
Suppose 4*p + 70 = 518. Let j = -103 + p. Let f = -8 + j. Let k(l) = 13*l**2 - l + 1. Give k(f).
13
Let l(w) be the second derivative of w**4/4 + 22*w**3/3 - 123*w**2/2 - 11282*w. What is l(-17)?
-4
Let m be (18 - 230/(-23))*1/2. Let x(k) = k + 9. Determine x(m).
23
Let d(o) = -o**3 + 4*o**2 - 3*o - 1. Suppose 3*u - 3 = x + u, u - 1 = 0. Let f = 82 - 86. Let v be (x/1 - f)/(2/2). What is d(v)?
-1
Suppose -291 - 57 = -6*p. Let u(g) = 114*g + 7 - 54*g + 0 - p*g. What is u(12)?
31
Let k(h) = 2*h**2 - 1. Suppose -4*m + 0*u = 2*u - 76, 4*m - 4*u = 100. Suppose -19*g + 22*g = -m. Let a(b) = b**3 + 7*b**2 + 1. Let f be a(g). What is k(f)?
1
Let r(i) = 4*i**2 + i + 6. Let j be 0/(6/8 + 7/28). Let u be r(j). Let n(w) = 3*w - 4. Calculate n(u).
14
Let n(t) = -9*t**3 - 7*t**2 + 6*t - 34. Let a(p) = 11*p**3 + 8*p**2 - 8*p + 41. Let h(y) = 5*a(y) + 6*n(y). Let i = 4 - 1. What is h(i)?
-2
Let o(g) = 6*g**2 - 38*g - 4. Let c(r) = 5*r**2 - 32*r - 3. Let l(u) = 5*c(u) - 4*o(u). Let d = 6 - 3. Suppose m - 6 = 3*m + 5*i, d*m + 2*i = 13. Give l(m).
-6
Suppose -5*p + 4*n + 8 = -6*p, -26 = -3*p - 2*n. Let a(s) = -2*s**3 + 23*s**2 + 8*s + 21. Determine a(p).
-27
Let o(m) = -m - 1. Let c(w) = 7*w - 3. Let q(r) = -c(r) + 4*o(r). Let i(d) = -2*d. Let k = -15208 + 15203. Let z(g) = k*i(g) + q(g). Calculate z(-10).
9
Let p(i) be the second derivative of -3/2*i**2 - 52*i + 0 - 5/6*i**3. Determine p(-2).
7
Let j(q) be the third derivative of -5/24*q**4 + 3*q**2 + 0*q**3 + 0*q - 1/20*q**5 + 1/120*q**6 + 40. Calculate j(4).
-4
Suppose 5*u - 14 = -44. Suppose -2*l + 6*l = 8. Let v(g) = -14*g + 5*g**2 + 9*g - l + g**3 + 2. Determine v(u).
-6
Let j(t) = -12*t**2 - 22*t - 95. Let w(r) = -6*r**2 - 10*r - 44. Let d(q) = -3*j(q) + 7*w(q). What is d(-3)?
-65
Let d be 5*19/(-285)*(0 + 18). Let v(x) = -8*x - 2. What is v(d)?
46
Let o(b) be the third derivative of b**6/720 + b**5/60 + 5*b**4/24 + 7*b**2. Let k(u) be the second derivative of o(u). Let l = -111 - -107. Calculate k(l).
-2
Suppose 2*m = -5*z - 3*m, 0 = -2*z + 5*m - 28. Suppose -42 = -7*v - 0*v. Let f(k) = 25*k - 13*k - 9*k + v. Calculate f(z).
-6
Let c be (-8)/1 - ((-50)/5 - (-27 - -13)). Let g(s) = -s**2 - 11*s + 16. Give g(c).
4
Let x(p) = -4*p**2 - 17*p + 34. Let s be x(-6). Let n(z) = 2*z + 13. Give n(s).
-3
Suppose 0 = 5*j + s, 32*j = 31*j - s + 6*s. Let v(r) be the first derivative of r**3/3 + r**2/2 - 3*r - 3. What is v(j)?
-3
Let r be -12 + 0 + 4 + (-1)/1. Let p(d) = -d**2 - 9*d + 4. Let z be p(r). Suppose 0 = -c + 2*c - 3*v + 9, 3*v = z*c + 27. Let n(s) = -4*s - 3. Determine n(c).
21
Let p(q) be the first derivative of -2*q**2 - 9*q + 836. Determine p(-9).
27
Let s(c) be the first derivative of -c**3/3 - 12*c**2 - 35*c - 3343. Determine s(-24).
-35
Let q(k) = 33*k - 1303. Let w be q(39). Let x(o) = -o**2 - 17*o + 10. What is x(w)?
26
Let w(l) = -279*l**2 - 43*l - 299*l**2 + 864*l**2 - 287*l**2 + 189. Determine w(-47).
1
Let v(z) = -19*z + 136. Let o be v(7). Let w(y) = 3*y - 7 + 5 + 3*y - 13*y. What is w(o)?
-23
Let o(t) be the second derivative of -t**5/20 - 7*t**4/12 - 2*t**3/3 - 4*t**2 - 2180*t. Give o(-5).
-38
Let k(f) = -20*f - 38. Let r be k(-2). Let p be r/4*(8/(-2) - -4). Let n(u) = u**3 - u**2 + u + 6. Calculate n(p).
6
Let i(v) = -7*v**2 - 69*v - 9. Let g be i(-10). Let y(c) = -c**2 - 18*c + 22. Let z be y(g). Let d(q) = q**3 - 3*q**2 + 3*q + 2. What is d(z)?
11
Suppose -39*j + 29 = 23*j - 33. Let w(z) = -17*z**2 + 5*z - 2. Calculate w(j).
-14
Let r(t) = -10*t - 96. Let m = -9333 - -9323. Determine r(m).
4
Let l(w) = -13*w + 11. Let g = -70 + 65. Let f(r) = -9*r + 7. Let j(m) = g*l(m) + 8*f(m). Determine j(-3).
22
Suppose 123 = 68*g - 149. Let v(u) be the second derivative of 7/6*u**3 + 1/20*u**5 - 1/2*u**2 + 0 - 7/12*u**g - u. Calculate v(6).
5
Let w(x) = -3*x**3 - 5*x**2 - x + 9. Let y(z) = z**3 - z**2 + z + 4. Let a(q) = w(q) - y(q). Give a(1).
-5
Let f(p) = -4*p - 5. Suppose -16*c + 414 = 2*c. Let x = -3 - -9. Suppose -4*m = -x*i + 3*i + 25, 5*m - i = -c. Calculate f(m).
11
Suppose -47*z = -48*z + 5*r + 4, 5*z - 20 = 3*r. Let l(h) be the second derivative of -z*h + 1/6*h**3 - 9/2*h**2 + 0. Determine l(4).
-5
Let l(g) = g**3 - 4*g**2 - 22*g + 4. Suppose -20*j = -12*j - 18*j + 70. What is l(j)?
-3
Let q = -95 - -119. Let n be (9/(-2) - q/(-48))/2. Let a(h) = -h**3 - 4 + 3 + 2*h + h**2 + 0. Give a(n).
7
Let w(r) be the first derivative of r**4/4 + 9*r**3 + 71*r**2 + 6*r - 11318. What is w(-7)?
-8
Suppose 41*i + 309 = 38*i. Let l(d) = -d**3 + 21*d**2 + 4*d + 17. Let c be l(21). Let o = i + c. Let f(x) = x**2 + 6*x + 3. Determine f(o).
-5
Let d(w) = w**3 + 11*w**2 - 32*w - 3. Let v be (-48)/10 + (-24)/120 + (-40)/5. Calculate d(v).
75
Let m(a) = -a + 11. Suppose 0 = 10*j + 8*j + 198. Let w be 44*j/((-1089)/18). Give m(w).
3
Let y(a) = -a**3 - 5*a**2 + 6*a - 6. Let c be -481*(-4 - 1 - -4). Suppose 0 = -4*f - c + 461. Determine y(f).
-36
Let t(n) be the third derivative of 1/8*n**4 + 0 + 0*n + 2/3*n**3 + 42*n**2. Determine t(-9).
-23
Let w(i) = -4*i. Let p be w(-2). Let r(f) be the third derivative of f**5/60 - 5*f**4/12 + 34628*f**2. Give r(p).
-16
Let t(g) be the second derivative of 3*g**4/2 + 2*g**3/3 + g**2 - g + 379. Determine t(-2).
66
Let l(k) = -2*k - 1. Let z(x) = -x**3 + 10*x**2 - 13*x - 15. Let j(r) = r**2 - 37*r - 70. Let w be j(39). Let h be z(w). Calculate l(h).
-19
Let q(o) = o**3 + 11*o**2 - 11*o + 2. Let h(y) = -y**2 + y - 1. Let r(p) = 5*h(p) + q(p). What is r(-7)?
-10
Let c(y) = y**2 + 12*y - 7. 